{"id":12,"date":"2019-12-28T23:46:03","date_gmt":"2019-12-28T23:46:03","guid":{"rendered":"http:\/\/mondo-solutions.pl\/?page_id=12"},"modified":"2024-11-07T19:34:58","modified_gmt":"2024-11-07T19:34:58","slug":"sekcja-strony-glownej","status":"publish","type":"page","link":"https:\/\/mondo-solutions.pl\/index.php\/sekcja-strony-glownej\/","title":{"rendered":"Zakres Us\u0142ug"},"content":{"rendered":"\n<h4 class=\"wp-block-heading\">Ksi\u0119gowo\u015b\u0107:<\/h4>\n\n\n\n<p><\/p>\n\n\n\n<ol class=\"wp-block-list\">\n<li><strong>Uproszczona \u2013 KARTA PODATKOWA, RYCZA\u0141T EWIDENCJONOWANY<br><\/strong> a.       Rejestr zakup\u00f3w i sprzeda\u017cy VAT<br> b.       ZUS przedsi\u0119biorcy<br> c.       Doradztwo podatkowe<\/li>\n\n\n\n<li><strong>Og\u00f3lna \u2013 KSI\u0118GA PRZYCHOD\u00d3W I ROZCHOD\u00d3W<br><\/strong> a.       Rejestr zakup\u00f3w i sprzeda\u017cy VAT<br> b.       ZUS przedsi\u0119biorcy<br> c.       Doradztwo podatkowe<\/li>\n\n\n\n<li><strong>Pe\u0142na \u2013 KSI\u0118GI RACHUNKOWE<br><\/strong> a.       Sporz\u0105dzenie planu kont<br> b.       Rejestr zakup\u00f3w i sprzeda\u017cy VAT<br> c.       Sporz\u0105dzanie sprawozda\u0144 finansowych<\/li>\n<\/ol>\n\n\n\n<hr class=\"wp-block-separator has-css-opacity is-style-dots\"\/>\n\n\n\n<h4 class=\"wp-block-heading\">Kadry i p\u0142ace:<\/h4>\n\n\n\n<p><\/p>\n\n\n\n<ol class=\"wp-block-list\">\n<li><strong>Kadry<\/strong><br> a.       Pe\u0142na dokumentacja pracownik\u00f3w<br> b.       Weryfikacja rozlicze\u0144 czasu pracy pracownik\u00f3w<br> c.       Sporz\u0105dzanie um\u00f3w o prac\u0119<br> d.       Dokumentacja ZUS<\/li>\n\n\n\n<li><strong>P\u0142ace<br><\/strong> a.       Prowadzenie ewidencji wynagrodze\u0144<br> b.       Sporz\u0105dzanie list p\u0142ac<br> c.       Naliczanie podatku dochodowego<br> d.       Naliczanie nale\u017cnych sk\u0142adek na ubezpieczenia<\/li>\n<\/ol>\n\n\n\n<hr class=\"wp-block-separator has-css-opacity is-style-dots\"\/>\n\n\n\n<h4 class=\"wp-block-heading\">Umowy handlowe:<\/h4>\n\n\n\n<ol class=\"wp-block-list\">\n<li><strong>Indywidualne potrzeby<\/strong> \u2013 sporz\u0105dzanie i weryfikacja um\u00f3w handlowych.<\/li>\n<\/ol>\n\n\n\n<hr class=\"wp-block-separator has-css-opacity is-style-dots\"\/>\n\n\n\n<p class=\"has-text-color\" style=\"color:#8a98a4\"><strong>Dzi\u0119ki wsp\u00f3\u0142pracy z naszym biurem zyskujecie Pa\u0144stwo czas i swobod\u0119 na dzia\u0142anie.<\/strong><\/p>\n\n\n\n<p class=\"has-text-color\" style=\"color:#8a98a4\"><strong>Otrzymujecie gwarancj\u0119, \u017ce wszystkie wa\u017cne kwestie rozliczeniowe i podatkowe zostan\u0105 dope\u0142nione zgodnie z obowi\u0105zuj\u0105cymi przepisami.<\/strong><\/p>\n\n\n\n<p class=\"has-text-color\" style=\"color:#8a98a4\"><strong>Dzi\u0119ki zastosowaniu prostych i intuicyjnych narz\u0119dzi oszcz\u0119dzacie Pa\u0144stwo r\u00f3wnie\u017c czas potrzebny na przekazywanie dokument\u00f3w.<\/strong><\/p>\n","protected":false},"excerpt":{"rendered":"<p>Ksi\u0119gowo\u015b\u0107: Kadry i p\u0142ace: Umowy handlowe: Dzi\u0119ki wsp\u00f3\u0142pracy z naszym biurem zyskujecie Pa\u0144stwo czas i swobod\u0119 na dzia\u0142anie. Otrzymujecie gwarancj\u0119, \u017ce wszystkie wa\u017cne kwestie rozliczeniowe i podatkowe zostan\u0105 dope\u0142nione zgodnie z obowi\u0105zuj\u0105cymi przepisami. Dzi\u0119ki zastosowaniu prostych i intuicyjnych narz\u0119dzi oszcz\u0119dzacie Pa\u0144stwo r\u00f3wnie\u017c czas potrzebny na przekazywanie dokument\u00f3w.<\/p>\n","protected":false},"author":1,"featured_media":87710,"parent":0,"menu_order":0,"comment_status":"closed","ping_status":"closed","template":"","meta":{"ngg_post_thumbnail":0,"footnotes":""},"class_list":["post-12","page","type-page","status-publish","has-post-thumbnail","hentry"],"_links":{"self":[{"href":"https:\/\/mondo-solutions.pl\/index.php\/wp-json\/wp\/v2\/pages\/12","targetHints":{"allow":["GET"]}}],"collection":[{"href":"https:\/\/mondo-solutions.pl\/index.php\/wp-json\/wp\/v2\/pages"}],"about":[{"href":"https:\/\/mondo-solutions.pl\/index.php\/wp-json\/wp\/v2\/types\/page"}],"author":[{"embeddable":true,"href":"https:\/\/mondo-solutions.pl\/index.php\/wp-json\/wp\/v2\/users\/1"}],"replies":[{"embeddable":true,"href":"https:\/\/mondo-solutions.pl\/index.php\/wp-json\/wp\/v2\/comments?post=12"}],"version-history":[{"count":21,"href":"https:\/\/mondo-solutions.pl\/index.php\/wp-json\/wp\/v2\/pages\/12\/revisions"}],"predecessor-version":[{"id":87558,"href":"https:\/\/mondo-solutions.pl\/index.php\/wp-json\/wp\/v2\/pages\/12\/revisions\/87558"}],"wp:featuredmedia":[{"embeddable":true,"href":"https:\/\/mondo-solutions.pl\/index.php\/wp-json\/wp\/v2\/media\/87710"}],"wp:attachment":[{"href":"https:\/\/mondo-solutions.pl\/index.php\/wp-json\/wp\/v2\/media?parent=12"}],"curies":[{"name":"wp","href":"https:\/\/api.w.org\/{rel}","templated":true}]}}